c + 2*r. Calculate the greatest common divisor of c and o.
25
Let s be (1 + 0 - 1)/(36 + -38). Suppose 2*m - 3*z - 15 = s, 0 = m + 4*m - z - 18. Calculate the highest common divisor of m and 6.
3
Suppose -m + 3 = -0*m. Let r = -57 + 57. Suppose 4*p = m*k + 27, -39 = -4*p - k - r. Calculate the highest common factor of 1 and p.
1
Let y be (-14 + 7 - (0 + -25)) + 4. Calculate the highest common factor of 550 and y.
22
Let f(v) = -v**3 - 12*v**2 + 14*v + 11. Let n be f(-13). Let r be n/6 - (-12)/9. Let d be 3 - (-45 - (-3)/r). What is the highest common divisor of 15 and d?
15
Let y(b) = 3*b - 22. Let j be y(10). Let p be j*5/(5/4). Let i = -8 - -16. What is the highest common divisor of i and p?
8
Suppose 0 = 4*i - 16 - 8. Let d = i - 4. Let j(h) = h**2 - 4*h + 1. Let z be j(7). Calculate the greatest common factor of d and z.
2
Suppose n = -4*t + 51, 0 = -2*n + 7*n - 5*t - 255. Let p = -7 + -40. Let y = -30 - p. Calculate the greatest common factor of n and y.
17
Suppose 0 = 10*d - 0 - 20. Let p(l) = 8*l**2 + 2*l - 9. Let b be p(d). Calculate the highest common divisor of 243 and b.
27
Let h be ((-3)/(-2))/(2/32). Let a(r) = 61*r - 1. Let i be a(1). What is the greatest common divisor of h and i?
12
Let d be 0 + 7 - (-7)/1. Let i be (-75 - 2)/((-1)/2). Calculate the highest common factor of i and d.
14
Let q = 2802 - 1731. Calculate the highest common factor of 126 and q.
63
Let a(z) = z**3 + 22*z**2 + 12. Let c be a(-22). Calculate the highest common divisor of c and 88.
4
Let a be 1625/13 + 24/(-2). Calculate the greatest common factor of a and 2.
1
Let z = 7 + 7. Suppose 3*d - 6 = -0*d + p, 3*p - 24 = -5*d. Let l = 5 - d. What is the highest common factor of l and z?
2
Suppose -43*m = -21*m - 528. Calculate the greatest common factor of m and 744.
24
Let g = 12 + -17. Let u be (3 + 4)/(1/g). Let y be 24/21*u/(-10). Calculate the highest common divisor of 1 and y.
1
Let r = -217 - -387. What is the greatest common factor of 374 and r?
34
Let i = 5 - 5. Suppose i = -5*z + 256 + 119. Let s be (1 - 0)*2 - -13. What is the greatest common divisor of z and s?
15
Suppose -4*c + 0*c = -3*u - 70, -5*c + 76 = 2*u. Suppose 0*j - j + 8 = -3*r, -3*r = j + 4. Calculate the highest common divisor of c and j.
2
Let q be (-6)/(3 - (-33)/(-9)). Let h = q - -18. Suppose 3*k + 2*u + 2*u = 506, -5*k = -u - 805. What is the highest common factor of h and k?
27
Let z = -23 - -15. Let s(x) = x**2 + 6*x - 8. Let u be s(z). Let j be 19 + 5 + -2 + -2. What is the greatest common divisor of j and u?
4
Let i = -2 - -9. Let r be 6244/112 - ((-15)/12 + 1). What is the greatest common divisor of r and i?
7
Let f(b) = 7*b**2 + 81*b - 15. Let n be f(-12). Calculate the highest common factor of 91 and n.
7
Suppose 0 = -4*i - 4*p + 444, -4*p + 2 = 6. Suppose 5*a - a - 976 = 0. Let x = a - i. What is the greatest common divisor of 12 and x?
12
Let c be (-7)/49 + 85/7. What is the highest common factor of 78 and c?
6
Let r(m) be the second derivative of 5*m**3/6 - 6*m. Let f be r(1). Suppose -h + f*h - 72 = 0. Calculate the greatest common divisor of h and 2.
2
Suppose 3*c + 2*c - 60 = 0. Let b = 13 - c. Suppose 3*h = -5*t - 16, b - 3 = h + t. What is the greatest common factor of h and 9?
3
Let b = -15 + 12. Let o be (-126)/b*6/2. What is the highest common divisor of o and 18?
18
Let q(i) = 2*i - 3. Let h be q(3). Suppose -111 = 6*n + 63. Let m = n + 56. What is the greatest common factor of m and h?
3
Let y be (16/20)/(2/55). Let m be -3 + (1 - (-19 + 2) - 4). What is the greatest common factor of y and m?
11
Suppose -k - 11 = -53. Suppose -114 - k = -4*j. What is the greatest common factor of 13 and j?
13
Let d(h) = -h**3 + 8*h**2 + 5. Let b be d(8). Suppose 7*c - b = 9. Suppose 12 = 2*s + 2. What is the highest common divisor of c and s?
1
Let a(l) = l**3 + 3*l**2 - 4*l + 4. Let o be a(-4). Let u be -2*1*(-26)/o. Let g = -11850 - -11863. What is the greatest common divisor of g and u?
13
Suppose -7*r - 4 = -3*r. Let d(z) = -35*z**3 + z**2 + z. Let n be d(r). Let j be (-25)/75 + (-88)/(-12). Calculate the highest common factor of n and j.
7
Let o = 334 - 44. Let k = o + -175. Calculate the greatest common divisor of k and 69.
23
Let p(x) = x**2 + 13*x + 72. Let f be p(-14). Calculate the highest common factor of f and 86.
86
Let l(v) = 11*v**2 + 2*v + 2. Suppose -4*s + 29 = -5*w, w + 2*s + 3*s = 0. Let u = -6 - w. Let c be l(u). Calculate the highest common divisor of 77 and c.
11
Suppose -38 = -i + 25. Calculate the highest common factor of i and 21.
21
Suppose -10*d + 1305 = 19*d. What is the highest common divisor of 60 and d?
15
Let d(n) = -n**2 + 5*n - 4. Let m be d(3). Suppose -m*i = 55 - 217. Let s(z) = 3*z**2 - z - 3. Let u be s(-3). What is the greatest common factor of u and i?
27
Suppose -4*v = -8*v + 20. Suppose r - 383 = -f, v*f - 966 - 951 = -3*r. Calculate the highest common factor of f and 48.
48
Suppose -6*g + g + 70 = 0. Suppose -7*v + g = -154. Suppose -2*j = 2*j - 12. Calculate the greatest common divisor of j and v.
3
Let n be (-110)/(-4) + (-1)/(-2). Suppose 4*u + 2*x + 62 = x, x = 3*u + 50. Let m = n + u. Calculate the greatest common divisor of m and 8.
4
Suppose 2*x - 104 = 6*x. Suppose -2*l + 10 = 0, 4*g + 2*l - 3*l = -165. Let n = x - g. What is the greatest common factor of 14 and n?
14
Let u be 30*4/15*(-51)/(-2). What is the highest common divisor of 108 and u?
12
Suppose 5 = -5*d + 3*y, 12 = 2*y + 2. Suppose -6 = -a - 2*a, -d*x + 3*a = -24. Let z = -7 + 22. Calculate the greatest common factor of z and x.
15
Let h be 4/(-6)*2/4*-81. What is the greatest common divisor of 72 and h?
9
Suppose 5*y = 3*f - 22, 2*y = -0*f + 4*f - 48. Suppose -x + f = -10. What is the greatest common factor of x and 32?
8
Suppose 63*x = 70*x - 1715. What is the greatest common factor of x and 70?
35
Suppose 15 + 1 = 2*p. Suppose 332 + 618 = 10*c. Suppose -2*m - 30 = -o, -2*m = -3*o - m + c. Calculate the highest common divisor of p and o.
8
Let m = 744 + 408. Suppose -6*r + m = 10*r. What is the greatest common divisor of 6 and r?
6
Suppose 15*n - 3*n = 792. Calculate the greatest common factor of 297 and n.
33
Suppose -10*q - 5*q + 405 = 0. What is the greatest common divisor of q and 297?
27
Let p be ((-3)/(-14) - 42/(-147))*38. What is the highest common factor of 19 and p?
19
Suppose -60 = -l - 4*f + 26, -5*f - 120 = -2*l. What is the greatest common divisor of 322 and l?
14
Let b(x) = -x**2 - 19*x - 74. Let o be b(-13). Let m = -22 - -32. Suppose 0 = m*k - o*k - 168. Calculate the greatest common factor of 308 and k.
28
Let g(y) = -4*y - 3. Let c be g(-2). Let p = -412 - -417. What is the greatest common divisor of p and c?
5
Let n(o) = -o**3 + 10*o**2 - 12*o + 6. Let u(y) = 2*y - 8. Let h be u(8). Let c be n(h). What is the greatest common divisor of 95 and c?
19
Let i(s) = s**2 + 17*s + 5. Let v be i(-17). Suppose p - 2640 = -v*p. What is the greatest common factor of 40 and p?
40
Let j = -97 - -212. Suppose -2*i - 46 = -148. Let d = j - i. Calculate the highest common divisor of 8 and d.
8
Let i be 12/3*(3 + 10/(-4)). Suppose -4*o + i*u + 532 = 0, 2 + 2 = u. Calculate the highest common factor of o and 54.
27
Let x = 2 - 1. Let m = 4 - x. Let o be -2*(m - (0 + 12)). What is the greatest common divisor of o and 126?
18
Let d(n) = 14*n - 4. Let a be d(3). Suppose 3*q - 114 = -4*j, -53 = -3*j - 5*q + a. Calculate the highest common factor of 45 and j.
9
Let c = -400 - -526. Calculate the greatest common divisor of c and 28.
14
Let l = -79 - -116. Let n = l + -29. Calculate the highest common divisor of n and 20.
4
Suppose -3*p - 41 = -86. What is the highest common divisor of p and 435?
15
Let i = -11 + 67. Let k = 196 + -189. What is the greatest common divisor of k and i?
7
Let p be (-1)/(-2)*(1 - -3). Let w(s) = s + 7. Let l be w(15). Suppose c + p = l. Calculate the highest common factor of 80 and c.
20
Let i = -33 + 28. Let s = i - -7. Suppose -4*l - 5*m = -16, -3*l + 2*l + s*m = -17. What is the highest common factor of l and 72?
9
Let r(k) = -k**2 + 7*k + 3. Let c be r(7). Let b be 2/3 - ((-114)/18 + 6). Calculate the highest common divisor of c and b.
1
Suppose -4*r = -0 - 8. Suppose 0*a + 136 = r*a. Suppose 3*g + 4*y - 130 + 79 = 0, -68 = -4*g + 5*